14) in base 16?
405a26
Convert 27661 (base 11) to base 6.
502212
-23132 (base 8) to base 16
-265a
Convert 1131203200 (base 4) to base 7.
3154126
-1131323002 (base 4) to base 13
-10614a
2010000102211 (base 3) to base 6
40015334
Convert -1065117 (base 8) to base 12.
-11b553
What is -30022030 (base 4) in base 15?
-eb54
What is -213170 (base 10) in base 11?
-136181
Convert 335572 (base 10) to base 7.
2565226
-3203311 (base 8) to base 11
-533446
Convert -34a21 (base 13) to base 16.
-177bc
-519368 (base 14) to base 2
-1010100000000110010000
2210264 (base 7) to base 4
1002101201
11424200 (base 5) to base 12
52642
101c83 (base 13) to base 12
161461
Convert -2303112103 (base 4) to base 12.
-2b5157
What is 1111111010101 (base 2) in base 6?
101421
Convert -27758 (base 10) to base 6.
-332302
What is 20001233 (base 5) in base 16?
2631b
What is 35502423 (base 6) in base 5?
241100214
451816 (base 10) to base 5
103424231
106ab94 (base 12) to base 9
5788624
What is -115565 (base 12) in base 10?
-279005
What is -55d16c (base 14) in base 8?
-13101454
Convert 2cc39 (base 15) to base 2.
100011010001111000
What is -778bb (base 12) in base 5?
-20033133
Convert -1122577 (base 8) to base 9.
-513635
What is -13443142 (base 6) in base 2?
-1101111100011000110
Convert -208028 (base 9) to base 15.
-26adb
28bcd (base 14) to base 5
11213441
What is -1001100000111011010000 (base 2) in base 15?
-344025
-2020210211101 (base 3) to base 12
-498791
Convert 1232106 (base 9) to base 4.
2203300233
Convert 100011010100111000 (base 2) to base 5.
14112241
2200211122121 (base 3) to base 14
2946a5
-553310 (base 9) to base 13
-b7573
-7057c9 (base 15) to base 3
-101001000020100
What is 110222212311 (base 4) in base 5?
2341324042
What is -1120000212212 (base 3) in base 9?
-1500785
-453132 (base 8) to base 16
-2565a
What is -3c428 (base 16) in base 12?
-baa08
Convert -4154055 (base 7) to base 12.
-2019b0
Convert 3220203 (base 5) to base 13.
1ba0a
What is 3507342 (base 9) in base 13?
514697
Convert -5142a2 (base 12) to base 15.
-1a1e48
98742 (base 10) to base 2
11000000110110110
What is 13333132 (base 5) in base 12?
6710b
Convert -2014232 (base 6) to base 14.
-26b80
What is -3628603 (base 10) in base 9?
-6740451
Convert 110521 (base 10) to base 7.
640135
2dadb (base 14) to base 5
12132112
-10101010111101101111001 (base 2) to base 11
-3186aa1
Convert -22524 (base 11) to base 2.
-111111100111111
1204023314 (base 5) to base 14
52bc6c
Convert -1110101001001011010111 (base 2) to base 13.
-a45310
Convert -30054154 (base 6) to base 5.
-204102342
-2db7 (base 15) to base 16
-2677
What is 202015453 (base 6) in base 2?
1101001011100001111001
What is 3666413 (base 7) in base 11?
2a1510
621377 (base 8) to base 2
110010001011111111
What is -2476154 (base 8) in base 15?
-d8942
What is -88217e (base 16) in base 7?
-135555055
What is -567253 (base 12) in base 16?
-15129f
Convert -6016104 (base 8) to base 15.
-2132a0
-190055 (base 14) to base 15
-126c48
Convert -11000000011111110 (base 2) to base 14.
-27cbc
What is a013ec (base 15) in base 7?
121403445
What is 142231 (base 5) in base 2?
1011100110101
-8263d (base 15) to base 7
-3340354
-68012 (base 10) to base 16
-109ac
What is 1fdeb (base 16) in base 13?
47556
1873136 (base 11) to base 7
35626045
Convert 1231310022 (base 4) to base 16.
6dd0a
What is -32444351 (base 6) in base 3?
-1211022011011
What is 5201045 (base 10) in base 14?
9955d3
110a459 (base 11) to base 10
1946470
Convert 452251 (base 7) to base 12.
3a3b1
Convert -9b96a (base 16) to base 4.
-2123211222
Convert -740a3 (base 11) to base 10.
-107924
What is -510514430 (base 6) in base 11?
-4a15972
2173578 (base 9) to base 4
10131301121
Convert -3011725 (base 10) to base 2.
-1011011111010010001101
Convert 341355 (base 15) to base 5.
1114003010
115224143 (base 6) to base 16
21c03f
120221021110102 (base 3) to base 2
100000010011101010001000
-1a9bd (base 16) to base 7
-632516
Convert -2720489 (base 10) to base 6.
-134150505
What is -4470b (base 14) in base 3?
-22102202000
What is 18d2c (base 15) in base 8?
235320
Convert 1130130 (base 9) to base 10.
610281
What is 522c9 (base 14) in base 12?
967b5
What is -232122202 (base 4) in base 10?
-190114
What is -2534113 (base 7) in base 16?
-5011f
-4881c (base 13) to base 11
-91089
What is 40445233 (base 7) in base 14?
63b253
What is 2050116 (base 11) in base 7?
42511426
Convert -84a0c (base 15) to base 4.
-1212232122
657882 (base 15) to base 5
2214204142
What is 4403313 (base 5) in base 14?
1d6dc
What is -1200277 (base 9) in base 16?
-9ea2b
Convert 1001010002 (base 3) to base 11.
14442
20240040 (base 5) to base 14
441d2
-483170 (base 13) to base 2
-110100100000010111111
-11101000010101111 (base 2) to base 15
-253a9
310363 (base 8) to base 3
12012210121
Convert 9a3c2c (base 13) to base 16.
377ac0
Convert -49035a (base 13) to base 16.
-1a97d3
What is -b1185 (base 15) in base 2?
-10001000110111011000
3158f (base 16) to base 14
53939
What is 10201103312 (base 4) in base 6?
41222102
Convert -59654a1 (base 11) to base 13.
-2202a57
-30434243 (base 5) to base 13
-89639
-300a0a (base 11) to base 4
-1312100111
Convert -5b7739 (base 16) to base 6.
-332251213
Convert 18c4c1 (base 13) to base 10.
626978
What is -257872 (base 10) in base 8?
-767520
-2da85 (base 14) to base 7
-655025
What is -66795 (base 16) in base 8?
-1463625
-2069988 (base 10) to base 3
-10220011111020
-9a80a (base 14) to base 15
-76092
Convert -775631 (base 11) to base 3.
-2022212012102
Convert -22222011022201 (base 3) to base 9.
-8864281
What is -24141203 (base 5) in base 3?
-102102000210
Convert 13b29b2 (base 15) to base 12.
492571b
Convert -1fcdd5 (base 16) to base 4.
-13330313111
-6e563 (base 15) to base 9
-586133
What is 100001100100001010 (base 2) in base 12?
6768a
What is -3be172 (base 15) in base 13?
-79c091
What is -3eea7 (base 15) in base 10?
-202432
-34304431 (base 5) to base 7
-2415440
What is -220aa03 (base 11) in base 5?
-1443122442
What is -10100011000011101011 (base 2) in base 14?
-13557d
Convert 1123200441 (base 6) to base 11.
704a066
Convert 122222021 (base 6) to base 16.
23e11d
-415ab (base 14) to base 16
-26763
-40386 (base 13) to base 7
-655605
3432431120 (base 5) to base 9
15438176
283508 (base 10) to base 12
118098
What is -12252322 (base 6) in base 7?
-3236015
-63857 (base 13) to base 2
-101011110010110101
Convert 1202003231 (base 4) to base 5.
100323040
4246125 (base 8) to base 13
309001
Convert -20222113 (base 4) to base 13.
-131c2
10313 (base 6) to base 11
1075
What is 405ee (base 16) in base 7?
2145460
What is 1263728 (base 9) in base 6?
22454125
Convert 324a21a (base 11) to base 4.
111301301322
Convert 578a1 (base 13) to base 14.
4228b
-9736 (base 16) to base 2
-1001011100110110
24551161 (base 8) to base 6
312200453
What is -6420410 (base 8) in base 3?
-10012222221221
What is -110303031 (base 4) in base 12?
-41379
5b0066 (base 14) to base 6
150410230
-1212121212 (base 3) to base 9
-55555
What is -110010221020 (base 3) in base 2?
-111010010111011000
What is -1e45d (base 15) in base 2?
-11000001000101111
Convert 24e667 (base 16) to base 6.
123455423
Convert 10735672 (base 8) to base 4.
20323232322
-df271 (base 16) to base 6
-31331345
What is 415cd5 (base 14) in base 7?
24515255
Convert 18b293 (base 12) to base 16.
69fcf
Convert -4519d5 (base 14) to base 10.
-2348071
Convert -65d66e (base 15) to base 2.
-10010100001001110110000
Convert -837687 (base 9) to base 16.
-7984f
480949 (base 13) to base 2
110100010110000101010
What is -1304342 (base 5) in base 4?
-12033331
What is 1010111010010001110 (base 2) in base 8?
1272216
Convert 121301301 (base 4) to base 13.
3909c
2a1457 (base 13) to base 7
11523146
Convert 222313201 (base 4) to base 14.
47dbb
-4223401211 (base 5) to base 6
-512452552
Convert 212010202 (base 4) to base 13.
55c93
-10001101100001 (base 2) to base 12
-52a9
-100010101111011001 (base 2) to base 9
-236167
642001 (base 7) to base 15
22ddd
Convert -c8a67 (base 14) to base 15.
-98a80
43630 (base 9) to base 5
1411234
What is -13381012 (base 9) in base 14?
-c40083
Convert 15208149 (base 10) to base 2.
111010000000111011010101
-10596579 (base 10) to base 8
-50330343
What is -591a (base 13) in base 3?
-122012001
What is -38a060 (base 14) in base 11?
-1110894
-4450610 (base 9